{"id":161,"date":"2021-06-26T18:26:41","date_gmt":"2021-06-26T18:26:41","guid":{"rendered":"https:\/\/holidaycleaning.parapymes.com\/wp\/?page_id=161"},"modified":"2023-08-16T22:21:54","modified_gmt":"2023-08-16T22:21:54","slug":"supervision-2","status":"publish","type":"page","link":"https:\/\/carmarbg.com\/index.php\/home\/adminturismo\/servicios-adminhouse\/supervision-2\/","title":{"rendered":"Coanfitri\u00f3n"},"content":{"rendered":"\t\t<div data-elementor-type=\"wp-page\" data-elementor-id=\"161\" class=\"elementor elementor-161\">\n\t\t\t\t\t\t<section class=\"elementor-section elementor-top-section elementor-element elementor-element-7c9239d elementor-section-boxed elementor-section-height-default elementor-section-height-default\" data-id=\"7c9239d\" data-element_type=\"section\" data-e-type=\"section\">\n\t\t\t\t\t\t<div class=\"elementor-container elementor-column-gap-default\">\n\t\t\t\t\t<div class=\"elementor-column elementor-col-100 elementor-top-column elementor-element elementor-element-af85f29\" data-id=\"af85f29\" data-element_type=\"column\" data-e-type=\"column\">\n\t\t\t<div class=\"elementor-widget-wrap elementor-element-populated\">\n\t\t\t\t\t\t<div class=\"elementor-element elementor-element-9700448 elementor-widget elementor-widget-text-editor\" data-id=\"9700448\" data-element_type=\"widget\" data-e-type=\"widget\" data-widget_type=\"text-editor.default\">\n\t\t\t\t<div class=\"elementor-widget-container\">\n\t\t\t\t\t\t\t\t\t<p>El servicio de Coanfitri\u00f3n est\u00e1 dise\u00f1ado para gestionar gran parte de las actividades administrativas relacionadas con tu inmueble. Carrer\u00e1 &amp; Martinez dise\u00f1a un plan espec\u00edfico para cada cliente, donde el mayor inter\u00e9s es su tranquilidad, manejo detallado y sensato de costos y la mayor rentabilidad posible si se trata de una propiedad para renta tur\u00edstica.\u00a0<\/p><p>Exponemos unos ejemplos de los servicios incluidos en Coanfitri\u00f3n, cada vivienda es personalizable dependiendo de las necesidades del cliente y del inmueble.\u00a0<\/p><ul><li>Administraci\u00f3n de la vivienda.<\/li><li>Servicio de Coanfitri\u00f3n en plataformas de alquiler tur\u00edstico.\u00a0<\/li><li>Velar por el fiel cumplimento de las reglas de la casa, basadas en el respeto y la protecci\u00f3n del inmueble, su propietario, sus visitantes y el personal de servicio.\u00a0<\/li><li>Administrar y gestionar los contratos de servicios p\u00fablicos.<\/li><li>Administrar y gestionar la contrataci\u00f3n de servicios de televisi\u00f3n, internet y telefon\u00eda.<\/li><li>Gestionar y pagar los impuestos de no residentes, impuestos de veh\u00edculos y vivienda.<\/li><li>Gestionar el seguro de la vivienda con presupuestos y pagos.<\/li><li>Representar al cliente en las reuniones de la comunidad de propietarios.<\/li><li>Asegurase de que todas las cuotas de la comunidad y suministros est\u00e1n pagadas a tiempo.<\/li><li>Supervisar las tareas de aseo dentro de la vivienda.<\/li><li>Velar por que la propiedad se encuentre siempre con el mobiliario, la decoraci\u00f3n y la dotaci\u00f3n adecuada.<\/li><li>Llevar el plan de mantenimiento y reposiciones de dotaci\u00f3n b\u00e1sica.\u00a0<\/li><li>Supervisar reparaciones y remodelaciones.<\/li><\/ul>\t\t\t\t\t\t\t\t<\/div>\n\t\t\t\t<\/div>\n\t\t\t\t\t<\/div>\n\t\t<\/div>\n\t\t\t\t\t<\/div>\n\t\t<\/section>\n\t\t\t\t<section class=\"elementor-section elementor-top-section elementor-element elementor-element-aeed517 elementor-section-boxed elementor-section-height-default elementor-section-height-default\" data-id=\"aeed517\" data-element_type=\"section\" data-e-type=\"section\">\n\t\t\t\t\t\t<div class=\"elementor-container elementor-column-gap-default\">\n\t\t\t\t\t<div class=\"elementor-column elementor-col-66 elementor-top-column elementor-element elementor-element-11426b8\" data-id=\"11426b8\" data-element_type=\"column\" data-e-type=\"column\">\n\t\t\t<div class=\"elementor-widget-wrap elementor-element-populated\">\n\t\t\t\t\t\t<div class=\"elementor-element elementor-element-457cb18 elementor-widget elementor-widget-image\" data-id=\"457cb18\" data-element_type=\"widget\" data-e-type=\"widget\" data-widget_type=\"image.default\">\n\t\t\t\t<div class=\"elementor-widget-container\">\n\t\t\t\t\t\t\t\t\t\t\t\t\t\t\t<img fetchpriority=\"high\" decoding=\"async\" width=\"1024\" height=\"768\" src=\"https:\/\/carmarbg.com\/wp-content\/uploads\/2023\/08\/CASA-DE-PLAYA-1-1024x768.jpg\" class=\"attachment-large size-large wp-image-1419\" alt=\"\" srcset=\"https:\/\/carmarbg.com\/wp-content\/uploads\/2023\/08\/CASA-DE-PLAYA-1-1024x768.jpg 1024w, https:\/\/carmarbg.com\/wp-content\/uploads\/2023\/08\/CASA-DE-PLAYA-1-300x225.jpg 300w, https:\/\/carmarbg.com\/wp-content\/uploads\/2023\/08\/CASA-DE-PLAYA-1-768x576.jpg 768w, https:\/\/carmarbg.com\/wp-content\/uploads\/2023\/08\/CASA-DE-PLAYA-1-1536x1152.jpg 1536w, https:\/\/carmarbg.com\/wp-content\/uploads\/2023\/08\/CASA-DE-PLAYA-1.jpg 1600w\" sizes=\"(max-width: 1024px) 100vw, 1024px\" \/>\t\t\t\t\t\t\t\t\t\t\t\t\t\t\t<\/div>\n\t\t\t\t<\/div>\n\t\t\t\t\t<\/div>\n\t\t<\/div>\n\t\t\t\t<div class=\"elementor-column elementor-col-33 elementor-top-column elementor-element elementor-element-d16486b\" data-id=\"d16486b\" data-element_type=\"column\" data-e-type=\"column\">\n\t\t\t<div class=\"elementor-widget-wrap elementor-element-populated\">\n\t\t\t\t\t\t<div class=\"elementor-element elementor-element-b77966f elementor-widget elementor-widget-text-editor\" data-id=\"b77966f\" data-element_type=\"widget\" data-e-type=\"widget\" data-widget_type=\"text-editor.default\">\n\t\t\t\t<div class=\"elementor-widget-container\">\n\t\t\t\t\t\t\t\t\t<p>\u00a0<\/p><p>Las viviendas tur\u00edsticas deben estar adaptadas para recibir hu\u00e9spedes e invitados.\u00a0<\/p><p>Tener la tranquilidad y el confort de estar como en \"casa\", depende de en gran parte de su decoraci\u00f3n, el equipamiento y la limpieza del lugar.\u00a0<\/p>\t\t\t\t\t\t\t\t<\/div>\n\t\t\t\t<\/div>\n\t\t\t\t\t<\/div>\n\t\t<\/div>\n\t\t\t\t\t<\/div>\n\t\t<\/section>\n\t\t\t\t<\/div>\n\t\t","protected":false},"excerpt":{"rendered":"<p>El servicio de Coanfitri\u00f3n est\u00e1 dise\u00f1ado para gestionar gran parte de las actividades administrativas relacionadas con tu inmueble. Carrer\u00e1 &amp; Martinez dise\u00f1a un plan espec\u00edfico para cada cliente, donde el mayor inter\u00e9s es su tranquilidad, manejo detallado y sensato de costos y la mayor rentabilidad posible si se trata de una propiedad para renta tur\u00edstica.\u00a0 [&hellip;]<\/p>\n","protected":false},"author":2,"featured_media":123,"parent":738,"menu_order":0,"comment_status":"closed","ping_status":"closed","template":"","meta":{"vkexunit_cta_each_option":"400","footnotes":""},"class_list":["post-161","page","type-page","status-publish","has-post-thumbnail","hentry"],"yoast_head":"<!-- This site is optimized with the Yoast SEO plugin v27.3 - https:\/\/yoast.com\/product\/yoast-seo-wordpress\/ -->\n<title>Coanfitri\u00f3n - CARMAR BUSINESS GROUP<\/title>\n<meta name=\"description\" content=\"Servicio dise\u00f1ado para que no tenga que preocuparse de todas las gestiones administrativas relacionadas con su inmueble.\" \/>\n<meta name=\"robots\" content=\"index, follow, max-snippet:-1, max-image-preview:large, max-video-preview:-1\" \/>\n<link rel=\"canonical\" href=\"https:\/\/carmarbg.com\/index.php\/home\/adminturismo\/servicios-adminhouse\/supervision-2\/\" \/>\n<meta property=\"og:locale\" content=\"es_ES\" \/>\n<meta property=\"og:type\" content=\"article\" \/>\n<meta property=\"og:title\" content=\"Coanfitri\u00f3n - CARMAR BUSINESS GROUP\" \/>\n<meta property=\"og:description\" content=\"Servicio dise\u00f1ado para que no tenga que preocuparse de todas las gestiones administrativas relacionadas con su inmueble.\" \/>\n<meta property=\"og:url\" content=\"https:\/\/carmarbg.com\/index.php\/home\/adminturismo\/servicios-adminhouse\/supervision-2\/\" \/>\n<meta property=\"og:site_name\" content=\"CARMAR BUSINESS GROUP\" \/>\n<meta property=\"article:modified_time\" content=\"2023-08-16T22:21:54+00:00\" \/>\n<meta property=\"og:image\" content=\"https:\/\/carmarbg.com\/wp-content\/uploads\/2021\/06\/Supervision.gif\" \/>\n\t<meta property=\"og:image:width\" content=\"284\" \/>\n\t<meta property=\"og:image:height\" content=\"303\" \/>\n\t<meta property=\"og:image:type\" content=\"image\/gif\" \/>\n<meta name=\"twitter:card\" content=\"summary_large_image\" \/>\n<meta name=\"twitter:label1\" content=\"Tiempo de lectura\" \/>\n\t<meta name=\"twitter:data1\" content=\"1 minuto\" \/>\n<script type=\"application\/ld+json\" class=\"yoast-schema-graph\">{\"@context\":\"https:\\\/\\\/schema.org\",\"@graph\":[{\"@type\":\"WebPage\",\"@id\":\"https:\\\/\\\/carmarbg.com\\\/index.php\\\/home\\\/adminturismo\\\/servicios-adminhouse\\\/supervision-2\\\/\",\"url\":\"https:\\\/\\\/carmarbg.com\\\/index.php\\\/home\\\/adminturismo\\\/servicios-adminhouse\\\/supervision-2\\\/\",\"name\":\"Coanfitri\u00f3n - CARMAR BUSINESS GROUP\",\"isPartOf\":{\"@id\":\"https:\\\/\\\/carmarbg.com\\\/#website\"},\"primaryImageOfPage\":{\"@id\":\"https:\\\/\\\/carmarbg.com\\\/index.php\\\/home\\\/adminturismo\\\/servicios-adminhouse\\\/supervision-2\\\/#primaryimage\"},\"image\":{\"@id\":\"https:\\\/\\\/carmarbg.com\\\/index.php\\\/home\\\/adminturismo\\\/servicios-adminhouse\\\/supervision-2\\\/#primaryimage\"},\"thumbnailUrl\":\"https:\\\/\\\/carmarbg.com\\\/wp-content\\\/uploads\\\/2021\\\/06\\\/Supervision.gif\",\"datePublished\":\"2021-06-26T18:26:41+00:00\",\"dateModified\":\"2023-08-16T22:21:54+00:00\",\"description\":\"Servicio dise\u00f1ado para que no tenga que preocuparse de todas las gestiones administrativas relacionadas con su inmueble.\",\"breadcrumb\":{\"@id\":\"https:\\\/\\\/carmarbg.com\\\/index.php\\\/home\\\/adminturismo\\\/servicios-adminhouse\\\/supervision-2\\\/#breadcrumb\"},\"inLanguage\":\"es\",\"potentialAction\":[{\"@type\":\"ReadAction\",\"target\":[\"https:\\\/\\\/carmarbg.com\\\/index.php\\\/home\\\/adminturismo\\\/servicios-adminhouse\\\/supervision-2\\\/\"]}]},{\"@type\":\"ImageObject\",\"inLanguage\":\"es\",\"@id\":\"https:\\\/\\\/carmarbg.com\\\/index.php\\\/home\\\/adminturismo\\\/servicios-adminhouse\\\/supervision-2\\\/#primaryimage\",\"url\":\"https:\\\/\\\/carmarbg.com\\\/wp-content\\\/uploads\\\/2021\\\/06\\\/Supervision.gif\",\"contentUrl\":\"https:\\\/\\\/carmarbg.com\\\/wp-content\\\/uploads\\\/2021\\\/06\\\/Supervision.gif\",\"width\":284,\"height\":303},{\"@type\":\"BreadcrumbList\",\"@id\":\"https:\\\/\\\/carmarbg.com\\\/index.php\\\/home\\\/adminturismo\\\/servicios-adminhouse\\\/supervision-2\\\/#breadcrumb\",\"itemListElement\":[{\"@type\":\"ListItem\",\"position\":1,\"name\":\"Portada\",\"item\":\"https:\\\/\\\/carmarbg.com\\\/\"},{\"@type\":\"ListItem\",\"position\":2,\"name\":\"Home\",\"item\":\"https:\\\/\\\/carmarbg.com\\\/\"},{\"@type\":\"ListItem\",\"position\":3,\"name\":\"Administraci\u00f3n de viviendas tur\u00edsticas\",\"item\":\"https:\\\/\\\/carmarbg.com\\\/index.php\\\/home\\\/adminturismo\\\/\"},{\"@type\":\"ListItem\",\"position\":4,\"name\":\"ADMINHOUSE\",\"item\":\"https:\\\/\\\/carmarbg.com\\\/index.php\\\/home\\\/adminturismo\\\/servicios-adminhouse\\\/\"},{\"@type\":\"ListItem\",\"position\":5,\"name\":\"Coanfitri\u00f3n\"}]},{\"@type\":\"WebSite\",\"@id\":\"https:\\\/\\\/carmarbg.com\\\/#website\",\"url\":\"https:\\\/\\\/carmarbg.com\\\/\",\"name\":\"CARMAR BUSINESS GROUP\",\"description\":\"\",\"potentialAction\":[{\"@type\":\"SearchAction\",\"target\":{\"@type\":\"EntryPoint\",\"urlTemplate\":\"https:\\\/\\\/carmarbg.com\\\/?s={search_term_string}\"},\"query-input\":{\"@type\":\"PropertyValueSpecification\",\"valueRequired\":true,\"valueName\":\"search_term_string\"}}],\"inLanguage\":\"es\"}]}<\/script>\n<!-- \/ Yoast SEO plugin. -->","yoast_head_json":{"title":"Coanfitri\u00f3n - CARMAR BUSINESS GROUP","description":"Servicio dise\u00f1ado para que no tenga que preocuparse de todas las gestiones administrativas relacionadas con su inmueble.","robots":{"index":"index","follow":"follow","max-snippet":"max-snippet:-1","max-image-preview":"max-image-preview:large","max-video-preview":"max-video-preview:-1"},"canonical":"https:\/\/carmarbg.com\/index.php\/home\/adminturismo\/servicios-adminhouse\/supervision-2\/","og_locale":"es_ES","og_type":"article","og_title":"Coanfitri\u00f3n - CARMAR BUSINESS GROUP","og_description":"Servicio dise\u00f1ado para que no tenga que preocuparse de todas las gestiones administrativas relacionadas con su inmueble.","og_url":"https:\/\/carmarbg.com\/index.php\/home\/adminturismo\/servicios-adminhouse\/supervision-2\/","og_site_name":"CARMAR BUSINESS GROUP","article_modified_time":"2023-08-16T22:21:54+00:00","og_image":[{"width":284,"height":303,"url":"https:\/\/carmarbg.com\/wp-content\/uploads\/2021\/06\/Supervision.gif","type":"image\/gif"}],"twitter_card":"summary_large_image","twitter_misc":{"Tiempo de lectura":"1 minuto"},"schema":{"@context":"https:\/\/schema.org","@graph":[{"@type":"WebPage","@id":"https:\/\/carmarbg.com\/index.php\/home\/adminturismo\/servicios-adminhouse\/supervision-2\/","url":"https:\/\/carmarbg.com\/index.php\/home\/adminturismo\/servicios-adminhouse\/supervision-2\/","name":"Coanfitri\u00f3n - CARMAR BUSINESS GROUP","isPartOf":{"@id":"https:\/\/carmarbg.com\/#website"},"primaryImageOfPage":{"@id":"https:\/\/carmarbg.com\/index.php\/home\/adminturismo\/servicios-adminhouse\/supervision-2\/#primaryimage"},"image":{"@id":"https:\/\/carmarbg.com\/index.php\/home\/adminturismo\/servicios-adminhouse\/supervision-2\/#primaryimage"},"thumbnailUrl":"https:\/\/carmarbg.com\/wp-content\/uploads\/2021\/06\/Supervision.gif","datePublished":"2021-06-26T18:26:41+00:00","dateModified":"2023-08-16T22:21:54+00:00","description":"Servicio dise\u00f1ado para que no tenga que preocuparse de todas las gestiones administrativas relacionadas con su inmueble.","breadcrumb":{"@id":"https:\/\/carmarbg.com\/index.php\/home\/adminturismo\/servicios-adminhouse\/supervision-2\/#breadcrumb"},"inLanguage":"es","potentialAction":[{"@type":"ReadAction","target":["https:\/\/carmarbg.com\/index.php\/home\/adminturismo\/servicios-adminhouse\/supervision-2\/"]}]},{"@type":"ImageObject","inLanguage":"es","@id":"https:\/\/carmarbg.com\/index.php\/home\/adminturismo\/servicios-adminhouse\/supervision-2\/#primaryimage","url":"https:\/\/carmarbg.com\/wp-content\/uploads\/2021\/06\/Supervision.gif","contentUrl":"https:\/\/carmarbg.com\/wp-content\/uploads\/2021\/06\/Supervision.gif","width":284,"height":303},{"@type":"BreadcrumbList","@id":"https:\/\/carmarbg.com\/index.php\/home\/adminturismo\/servicios-adminhouse\/supervision-2\/#breadcrumb","itemListElement":[{"@type":"ListItem","position":1,"name":"Portada","item":"https:\/\/carmarbg.com\/"},{"@type":"ListItem","position":2,"name":"Home","item":"https:\/\/carmarbg.com\/"},{"@type":"ListItem","position":3,"name":"Administraci\u00f3n de viviendas tur\u00edsticas","item":"https:\/\/carmarbg.com\/index.php\/home\/adminturismo\/"},{"@type":"ListItem","position":4,"name":"ADMINHOUSE","item":"https:\/\/carmarbg.com\/index.php\/home\/adminturismo\/servicios-adminhouse\/"},{"@type":"ListItem","position":5,"name":"Coanfitri\u00f3n"}]},{"@type":"WebSite","@id":"https:\/\/carmarbg.com\/#website","url":"https:\/\/carmarbg.com\/","name":"CARMAR BUSINESS GROUP","description":"","potentialAction":[{"@type":"SearchAction","target":{"@type":"EntryPoint","urlTemplate":"https:\/\/carmarbg.com\/?s={search_term_string}"},"query-input":{"@type":"PropertyValueSpecification","valueRequired":true,"valueName":"search_term_string"}}],"inLanguage":"es"}]}},"_links":{"self":[{"href":"https:\/\/carmarbg.com\/index.php\/wp-json\/wp\/v2\/pages\/161","targetHints":{"allow":["GET"]}}],"collection":[{"href":"https:\/\/carmarbg.com\/index.php\/wp-json\/wp\/v2\/pages"}],"about":[{"href":"https:\/\/carmarbg.com\/index.php\/wp-json\/wp\/v2\/types\/page"}],"author":[{"embeddable":true,"href":"https:\/\/carmarbg.com\/index.php\/wp-json\/wp\/v2\/users\/2"}],"replies":[{"embeddable":true,"href":"https:\/\/carmarbg.com\/index.php\/wp-json\/wp\/v2\/comments?post=161"}],"version-history":[{"count":30,"href":"https:\/\/carmarbg.com\/index.php\/wp-json\/wp\/v2\/pages\/161\/revisions"}],"predecessor-version":[{"id":1428,"href":"https:\/\/carmarbg.com\/index.php\/wp-json\/wp\/v2\/pages\/161\/revisions\/1428"}],"up":[{"embeddable":true,"href":"https:\/\/carmarbg.com\/index.php\/wp-json\/wp\/v2\/pages\/738"}],"wp:featuredmedia":[{"embeddable":true,"href":"https:\/\/carmarbg.com\/index.php\/wp-json\/wp\/v2\/media\/123"}],"wp:attachment":[{"href":"https:\/\/carmarbg.com\/index.php\/wp-json\/wp\/v2\/media?parent=161"}],"curies":[{"name":"wp","href":"https:\/\/api.w.org\/{rel}","templated":true}]}}