{"id":894,"date":"2023-08-11T20:38:38","date_gmt":"2023-08-11T20:38:38","guid":{"rendered":"https:\/\/carreraymartinez.co\/?page_id=894"},"modified":"2023-08-16T22:39:21","modified_gmt":"2023-08-16T22:39:21","slug":"conferencias","status":"publish","type":"page","link":"https:\/\/carmarbg.com\/index.php\/home\/asesorias-y-consultorias\/consultorias-empresariales\/conferencias\/","title":{"rendered":"Conferencias"},"content":{"rendered":"\t\t<div data-elementor-type=\"wp-page\" data-elementor-id=\"894\" class=\"elementor elementor-894\">\n\t\t\t\t\t\t<section class=\"elementor-section elementor-top-section elementor-element elementor-element-e159260 elementor-section-boxed elementor-section-height-default elementor-section-height-default\" data-id=\"e159260\" data-element_type=\"section\" data-e-type=\"section\">\n\t\t\t\t\t\t<div class=\"elementor-container elementor-column-gap-default\">\n\t\t\t\t\t<div class=\"elementor-column elementor-col-100 elementor-top-column elementor-element elementor-element-f011e0c\" data-id=\"f011e0c\" data-element_type=\"column\" data-e-type=\"column\">\n\t\t\t<div class=\"elementor-widget-wrap elementor-element-populated\">\n\t\t\t\t\t\t<div class=\"elementor-element elementor-element-a6bb497 elementor-widget elementor-widget-text-editor\" data-id=\"a6bb497\" data-element_type=\"widget\" data-e-type=\"widget\" data-widget_type=\"text-editor.default\">\n\t\t\t\t<div class=\"elementor-widget-container\">\n\t\t\t\t\t\t\t\t\t<p>Hemos tenido la oportunidad de participar como conferencista en eventos de Universidades en la ciudad de Cartagena, entre ellas UTB, Los Libertadores, Universidad de Cartagena, <span style=\"color: var( --e-global-color-text ); font-family: var( --e-global-typography-text-font-family ), Sans-serif; font-weight: var( --e-global-typography-text-font-weight ); font-size: var(--vk-size-text);\">San Buenaventura y en la Universidad\u00a0<\/span><span style=\"color: var( --e-global-color-text ); font-family: var( --e-global-typography-text-font-family ), Sans-serif; font-weight: var( --e-global-typography-text-font-weight ); font-size: var(--vk-size-text);\">Sim\u00f3n Bol\u00edvar en Barranquilla; y en el <\/span><span style=\"color: var( --e-global-color-text ); font-family: var( --e-global-typography-text-font-family ), Sans-serif; font-weight: var( --e-global-typography-text-font-weight ); font-size: var(--vk-size-text);\">Conversatorio de Tendencias en la Gesti\u00f3n del Talento Humano en la Universidad TECNAR de Cartagena, compartiendo escenario con la C\u00e1mara de Comercio de Cartagena.\u00a0<\/span><\/p><p><span style=\"color: var( --e-global-color-text ); font-family: var( --e-global-typography-text-font-family ), Sans-serif; font-weight: var( --e-global-typography-text-font-weight ); font-size: var(--vk-size-text);\">Nos hemos involucrado apoyando a fundaciones como Evoluci\u00f3n Caribe, FUNEEDH y Cruz Roja Colombiana Seccional Bol\u00edvar, entre otros; dictando conferencias para sus directivos, colaboradores y beneficiaros, entendiendo la importancia del fortalecimiento del tejido empresarial, reconociendo su esfuerzo y aporte a la econom\u00eda del pa\u00eds.\u00a0<\/span><\/p><p>En el ciclo de conferencias \"Como incrementar la productividad de su empresa \" de\u00a0 Comfamiliar Putumayo, tuvimos la oportunidad de recorrer 6 municipios y compartir con sus afiliados.\u00a0<\/p><p>En pandemia dictamos varias conferencias, entre ellas \"Neuroling\u00fc\u00edstica para las ventas de Hoy\", para Business Latam, en el marco del Business Camp Online.<\/p><p>Nuestras conferencias est\u00e1n enfocadas en atender especialmente a emprendedores y empresarios en cada una de las etapas donde se encuentre su emprendimiento y <span style=\"color: var( --e-global-color-text ); font-family: var( --e-global-typography-text-font-family ), Sans-serif; font-weight: var( --e-global-typography-text-font-weight ); font-size: var(--vk-size-text);\">pueden llevarse a cabo en una variedad de entornos o en l\u00ednea a trav\u00e9s de plataformas virtuales.\u00a0<\/span><\/p>\t\t\t\t\t\t\t\t<\/div>\n\t\t\t\t<\/div>\n\t\t\t\t\t<\/div>\n\t\t<\/div>\n\t\t\t\t\t<\/div>\n\t\t<\/section>\n\t\t\t\t<section class=\"elementor-section elementor-top-section elementor-element elementor-element-a6a369f elementor-section-boxed elementor-section-height-default elementor-section-height-default\" data-id=\"a6a369f\" data-element_type=\"section\" data-e-type=\"section\">\n\t\t\t\t\t\t<div class=\"elementor-container elementor-column-gap-default\">\n\t\t\t\t\t<div class=\"elementor-column elementor-col-100 elementor-top-column elementor-element elementor-element-07257cc\" data-id=\"07257cc\" data-element_type=\"column\" data-e-type=\"column\">\n\t\t\t<div class=\"elementor-widget-wrap elementor-element-populated\">\n\t\t\t\t\t\t<div class=\"elementor-element elementor-element-e4aea42 elementor-widget elementor-widget-heading\" data-id=\"e4aea42\" data-element_type=\"widget\" data-e-type=\"widget\" data-widget_type=\"heading.default\">\n\t\t\t\t<div class=\"elementor-widget-container\">\n\t\t\t\t\t<h2 class=\"elementor-heading-title elementor-size-default\">Portafolio de conferencias<\/h2>\t\t\t\t<\/div>\n\t\t\t\t<\/div>\n\t\t\t\t\t<\/div>\n\t\t<\/div>\n\t\t\t\t\t<\/div>\n\t\t<\/section>\n\t\t\t\t<section class=\"elementor-section elementor-top-section elementor-element elementor-element-d0da1e5 elementor-section-boxed elementor-section-height-default elementor-section-height-default\" data-id=\"d0da1e5\" data-element_type=\"section\" data-e-type=\"section\">\n\t\t\t\t\t\t<div class=\"elementor-container elementor-column-gap-default\">\n\t\t\t\t\t<div class=\"elementor-column elementor-col-50 elementor-top-column elementor-element elementor-element-87a5fd9\" data-id=\"87a5fd9\" data-element_type=\"column\" data-e-type=\"column\">\n\t\t\t<div class=\"elementor-widget-wrap elementor-element-populated\">\n\t\t\t\t\t\t<div class=\"elementor-element elementor-element-1aa99a3 elementor-position-top elementor-widget elementor-widget-image-box\" data-id=\"1aa99a3\" data-element_type=\"widget\" data-e-type=\"widget\" data-widget_type=\"image-box.default\">\n\t\t\t\t<div class=\"elementor-widget-container\">\n\t\t\t\t\t<div class=\"elementor-image-box-wrapper\"><figure class=\"elementor-image-box-img\"><img fetchpriority=\"high\" decoding=\"async\" width=\"388\" height=\"335\" src=\"https:\/\/carmarbg.com\/wp-content\/uploads\/2023\/08\/CONFERENCIA-JC-4-1.png\" class=\"attachment-full size-full wp-image-1312\" alt=\"\" srcset=\"https:\/\/carmarbg.com\/wp-content\/uploads\/2023\/08\/CONFERENCIA-JC-4-1.png 388w, https:\/\/carmarbg.com\/wp-content\/uploads\/2023\/08\/CONFERENCIA-JC-4-1-300x259.png 300w\" sizes=\"(max-width: 388px) 100vw, 388px\" \/><\/figure><div class=\"elementor-image-box-content\"><h3 class=\"elementor-image-box-title\"><h4 style=\"margin-bottom: var(--vk-margin-headding-bottom);line-height: var(--vk-line-height-low);border-radius: var(--vk-size-radius);font-family: Roboto, sans-serif;text-align: left\"><strong>Aprender a emprender<\/strong><\/h4><\/h3><p class=\"elementor-image-box-description\">Impulsamos el Desarrollo de Competencias Emprendedoras como base para el dise\u00f1o, desarrollo e implementaci\u00f3n de nuevos emprendimientos y el fortalecimiento de negocios ya existentes.<\/p><\/div><\/div>\t\t\t\t<\/div>\n\t\t\t\t<\/div>\n\t\t\t\t\t<\/div>\n\t\t<\/div>\n\t\t\t\t<div class=\"elementor-column elementor-col-50 elementor-top-column elementor-element elementor-element-b6f0acc\" data-id=\"b6f0acc\" data-element_type=\"column\" data-e-type=\"column\">\n\t\t\t<div class=\"elementor-widget-wrap elementor-element-populated\">\n\t\t\t\t\t\t<div class=\"elementor-element elementor-element-bc22596 elementor-position-top elementor-widget elementor-widget-image-box\" data-id=\"bc22596\" data-element_type=\"widget\" data-e-type=\"widget\" data-widget_type=\"image-box.default\">\n\t\t\t\t<div class=\"elementor-widget-container\">\n\t\t\t\t\t<div class=\"elementor-image-box-wrapper\"><figure class=\"elementor-image-box-img\"><img decoding=\"async\" width=\"1156\" height=\"652\" src=\"https:\/\/carmarbg.com\/wp-content\/uploads\/2023\/08\/CONFERENCIA-JC-3.jpg\" class=\"attachment-full size-full wp-image-1313\" alt=\"\" srcset=\"https:\/\/carmarbg.com\/wp-content\/uploads\/2023\/08\/CONFERENCIA-JC-3.jpg 1156w, https:\/\/carmarbg.com\/wp-content\/uploads\/2023\/08\/CONFERENCIA-JC-3-300x169.jpg 300w, https:\/\/carmarbg.com\/wp-content\/uploads\/2023\/08\/CONFERENCIA-JC-3-1024x578.jpg 1024w, https:\/\/carmarbg.com\/wp-content\/uploads\/2023\/08\/CONFERENCIA-JC-3-768x433.jpg 768w, https:\/\/carmarbg.com\/wp-content\/uploads\/2023\/08\/CONFERENCIA-JC-3-320x180.jpg 320w\" sizes=\"(max-width: 1156px) 100vw, 1156px\" \/><\/figure><div class=\"elementor-image-box-content\"><h3 class=\"elementor-image-box-title\"><h4 style=\"margin-bottom: var(--vk-margin-headding-bottom);line-height: var(--vk-line-height-low);border-radius: var(--vk-size-radius);font-family: Roboto, sans-serif;text-align: start\"><strong>Dise\u00f1a y emprende<\/strong><\/h4><\/h3><p class=\"elementor-image-box-description\">Ofrecemos a los emprendedores herramientas de gerencia estrat\u00e9gica para poder planear su crecimiento organizacional.<\/p><\/div><\/div>\t\t\t\t<\/div>\n\t\t\t\t<\/div>\n\t\t\t\t\t<\/div>\n\t\t<\/div>\n\t\t\t\t\t<\/div>\n\t\t<\/section>\n\t\t\t\t<section class=\"elementor-section elementor-top-section elementor-element elementor-element-843e054 elementor-section-boxed elementor-section-height-default elementor-section-height-default\" data-id=\"843e054\" data-element_type=\"section\" data-e-type=\"section\">\n\t\t\t\t\t\t<div class=\"elementor-container elementor-column-gap-default\">\n\t\t\t\t\t<div class=\"elementor-column elementor-col-50 elementor-top-column elementor-element elementor-element-104078f\" data-id=\"104078f\" data-element_type=\"column\" data-e-type=\"column\">\n\t\t\t<div class=\"elementor-widget-wrap elementor-element-populated\">\n\t\t\t\t\t\t<div class=\"elementor-element elementor-element-891277d elementor-position-top elementor-widget elementor-widget-image-box\" data-id=\"891277d\" data-element_type=\"widget\" data-e-type=\"widget\" data-widget_type=\"image-box.default\">\n\t\t\t\t<div class=\"elementor-widget-container\">\n\t\t\t\t\t<div class=\"elementor-image-box-wrapper\"><figure class=\"elementor-image-box-img\"><img decoding=\"async\" width=\"404\" height=\"192\" src=\"https:\/\/carmarbg.com\/wp-content\/uploads\/2023\/08\/TALLER-JC-4.jpg\" class=\"attachment-full size-full wp-image-1315\" alt=\"\" srcset=\"https:\/\/carmarbg.com\/wp-content\/uploads\/2023\/08\/TALLER-JC-4.jpg 404w, https:\/\/carmarbg.com\/wp-content\/uploads\/2023\/08\/TALLER-JC-4-300x143.jpg 300w\" sizes=\"(max-width: 404px) 100vw, 404px\" \/><\/figure><div class=\"elementor-image-box-content\"><h3 class=\"elementor-image-box-title\"><h4 style=\"margin-bottom: var(--vk-margin-headding-bottom);line-height: var(--vk-line-height-low);border-radius: var(--vk-size-radius);font-family: Roboto, sans-serif;text-align: start\">Optimizando tu Productividad Empresarial&nbsp;&nbsp;<\/h4><\/h3><p class=\"elementor-image-box-description\">Concientizamos a los empresarios sobre c\u00f3mo la productividad afecta directamente la rentabilidad, la eficiencia operativa y la capacidad de crecimiento de una empresa.<\/p><\/div><\/div>\t\t\t\t<\/div>\n\t\t\t\t<\/div>\n\t\t\t\t\t<\/div>\n\t\t<\/div>\n\t\t\t\t<div class=\"elementor-column elementor-col-50 elementor-top-column elementor-element elementor-element-3d97291\" data-id=\"3d97291\" data-element_type=\"column\" data-e-type=\"column\">\n\t\t\t<div class=\"elementor-widget-wrap elementor-element-populated\">\n\t\t\t\t\t\t<div class=\"elementor-element elementor-element-eb0593b elementor-position-top elementor-widget elementor-widget-image-box\" data-id=\"eb0593b\" data-element_type=\"widget\" data-e-type=\"widget\" data-widget_type=\"image-box.default\">\n\t\t\t\t<div class=\"elementor-widget-container\">\n\t\t\t\t\t<div class=\"elementor-image-box-wrapper\"><figure class=\"elementor-image-box-img\"><img loading=\"lazy\" decoding=\"async\" width=\"768\" height=\"1024\" src=\"https:\/\/carmarbg.com\/wp-content\/uploads\/2023\/08\/TALLER-JC-3-1.jpg\" class=\"attachment-full size-full wp-image-1316\" alt=\"\" srcset=\"https:\/\/carmarbg.com\/wp-content\/uploads\/2023\/08\/TALLER-JC-3-1.jpg 768w, https:\/\/carmarbg.com\/wp-content\/uploads\/2023\/08\/TALLER-JC-3-1-225x300.jpg 225w\" sizes=\"(max-width: 768px) 100vw, 768px\" \/><\/figure><div class=\"elementor-image-box-content\"><h3 class=\"elementor-image-box-title\"><h4 style=\"margin-bottom: var(--vk-margin-headding-bottom);line-height: var(--vk-line-height-low);border-radius: var(--vk-size-radius);font-family: Roboto, sans-serif;text-align: start\"><strong>Liderazgo Estrat\u00e9gico para la Internacionalizaci\u00f3n Empresarial<\/strong><\/h4><\/h3><p class=\"elementor-image-box-description\">Adaptamos el enfoque de liderazgo para enfrentar los desaf\u00edos \u00fanicos que presenta la internacionalizaci\u00f3n, desde la gesti\u00f3n de equipos multiculturales hasta la toma de decisiones estrat\u00e9gicas en contextos internacionales.<\/p><\/div><\/div>\t\t\t\t<\/div>\n\t\t\t\t<\/div>\n\t\t\t\t\t<\/div>\n\t\t<\/div>\n\t\t\t\t\t<\/div>\n\t\t<\/section>\n\t\t\t\t<section class=\"elementor-section elementor-top-section elementor-element elementor-element-f21276d elementor-section-boxed elementor-section-height-default elementor-section-height-default\" data-id=\"f21276d\" data-element_type=\"section\" data-e-type=\"section\">\n\t\t\t\t\t\t<div class=\"elementor-container elementor-column-gap-default\">\n\t\t\t\t\t<div class=\"elementor-column elementor-col-50 elementor-top-column elementor-element elementor-element-4361fa7\" data-id=\"4361fa7\" data-element_type=\"column\" data-e-type=\"column\">\n\t\t\t<div class=\"elementor-widget-wrap elementor-element-populated\">\n\t\t\t\t\t\t<div class=\"elementor-element elementor-element-ebd1173 elementor-widget elementor-widget-text-editor\" data-id=\"ebd1173\" data-element_type=\"widget\" data-e-type=\"widget\" data-widget_type=\"text-editor.default\">\n\t\t\t\t<div class=\"elementor-widget-container\">\n\t\t\t\t\t\t\t\t\t<h4><strong>Crecimiento Sostenible a Trav\u00e9s de la Gobernanza Familiar<\/strong><\/h4><p>Exploramos c\u00f3mo establecer estructuras de toma de decisiones, pol\u00edticas de sucesi\u00f3n y mecanismos de resoluci\u00f3n de conflictos que fortalezcan la cohesi\u00f3n familiar y la eficacia empresarial.\u00a0<\/p>\t\t\t\t\t\t\t\t<\/div>\n\t\t\t\t<\/div>\n\t\t\t\t\t<\/div>\n\t\t<\/div>\n\t\t\t\t<div class=\"elementor-column elementor-col-50 elementor-top-column elementor-element elementor-element-c8268f1\" data-id=\"c8268f1\" data-element_type=\"column\" data-e-type=\"column\">\n\t\t\t<div class=\"elementor-widget-wrap elementor-element-populated\">\n\t\t\t\t\t\t<div class=\"elementor-element elementor-element-ac49c76 elementor-widget elementor-widget-text-editor\" data-id=\"ac49c76\" data-element_type=\"widget\" data-e-type=\"widget\" data-widget_type=\"text-editor.default\">\n\t\t\t\t<div class=\"elementor-widget-container\">\n\t\t\t\t\t\t\t\t\t<h4><strong>Construyendo un Futuro Sostenible: <\/strong><br \/><strong>Sostenibilidad en la Estrategia Empresarial<\/strong><\/h4><p>Le daremos una mirada a la innovaci\u00f3n sostenible y como integrarla a la planeaci\u00f3n estrat\u00e9gica de la organizaci\u00f3n. Leer m\u00e1s.<\/p><p>.<\/p>\t\t\t\t\t\t\t\t<\/div>\n\t\t\t\t<\/div>\n\t\t\t\t\t<\/div>\n\t\t<\/div>\n\t\t\t\t\t<\/div>\n\t\t<\/section>\n\t\t\t\t<\/div>\n\t\t","protected":false},"excerpt":{"rendered":"<p>Hemos tenido la oportunidad de participar como conferencista en eventos de Universidades en la ciudad de Cartagena, entre ellas UTB, Los Libertadores, Universidad de Cartagena, San Buenaventura y en la Universidad\u00a0Sim\u00f3n Bol\u00edvar en Barranquilla; y en el Conversatorio de Tendencias en la Gesti\u00f3n del Talento Humano en la Universidad TECNAR de Cartagena, compartiendo escenario con [&hellip;]<\/p>\n","protected":false},"author":1,"featured_media":639,"parent":805,"menu_order":0,"comment_status":"closed","ping_status":"closed","template":"","meta":{"vkexunit_cta_each_option":"","footnotes":""},"class_list":["post-894","page","type-page","status-publish","has-post-thumbnail","hentry"],"yoast_head":"<!-- This site is optimized with the Yoast SEO plugin v27.3 - https:\/\/yoast.com\/product\/yoast-seo-wordpress\/ -->\n<title>Conferencias - CARMAR BUSINESS GROUP<\/title>\n<meta name=\"robots\" content=\"index, follow, max-snippet:-1, max-image-preview:large, max-video-preview:-1\" \/>\n<link rel=\"canonical\" href=\"https:\/\/carmarbg.com\/index.php\/home\/asesorias-y-consultorias\/consultorias-empresariales\/conferencias\/\" \/>\n<meta property=\"og:locale\" content=\"es_ES\" \/>\n<meta property=\"og:type\" content=\"article\" \/>\n<meta property=\"og:title\" content=\"Conferencias - CARMAR BUSINESS GROUP\" \/>\n<meta property=\"og:description\" content=\"Hemos tenido la oportunidad de participar como conferencista en eventos de Universidades en la ciudad de Cartagena, entre ellas UTB, Los Libertadores, Universidad de Cartagena, San Buenaventura y en la Universidad\u00a0Sim\u00f3n Bol\u00edvar en Barranquilla; y en el Conversatorio de Tendencias en la Gesti\u00f3n del Talento Humano en la Universidad TECNAR de Cartagena, compartiendo escenario con [&hellip;]\" \/>\n<meta property=\"og:url\" content=\"https:\/\/carmarbg.com\/index.php\/home\/asesorias-y-consultorias\/consultorias-empresariales\/conferencias\/\" \/>\n<meta property=\"og:site_name\" content=\"CARMAR BUSINESS GROUP\" \/>\n<meta property=\"article:modified_time\" content=\"2023-08-16T22:39:21+00:00\" \/>\n<meta property=\"og:image\" content=\"https:\/\/carmarbg.com\/wp-content\/uploads\/2023\/08\/CONFERENCIA-JC-4-1.png\" \/>\n<meta name=\"twitter:card\" content=\"summary_large_image\" \/>\n<meta name=\"twitter:label1\" content=\"Tiempo de lectura\" \/>\n\t<meta name=\"twitter:data1\" content=\"2 minutos\" \/>\n<script type=\"application\/ld+json\" class=\"yoast-schema-graph\">{\"@context\":\"https:\\\/\\\/schema.org\",\"@graph\":[{\"@type\":\"WebPage\",\"@id\":\"https:\\\/\\\/carmarbg.com\\\/index.php\\\/home\\\/asesorias-y-consultorias\\\/consultorias-empresariales\\\/conferencias\\\/\",\"url\":\"https:\\\/\\\/carmarbg.com\\\/index.php\\\/home\\\/asesorias-y-consultorias\\\/consultorias-empresariales\\\/conferencias\\\/\",\"name\":\"Conferencias - CARMAR BUSINESS GROUP\",\"isPartOf\":{\"@id\":\"https:\\\/\\\/carmarbg.com\\\/#website\"},\"primaryImageOfPage\":{\"@id\":\"https:\\\/\\\/carmarbg.com\\\/index.php\\\/home\\\/asesorias-y-consultorias\\\/consultorias-empresariales\\\/conferencias\\\/#primaryimage\"},\"image\":{\"@id\":\"https:\\\/\\\/carmarbg.com\\\/index.php\\\/home\\\/asesorias-y-consultorias\\\/consultorias-empresariales\\\/conferencias\\\/#primaryimage\"},\"thumbnailUrl\":\"https:\\\/\\\/carmarbg.com\\\/wp-content\\\/uploads\\\/2021\\\/06\\\/CARRERA-MARTINEZ.jpg\",\"datePublished\":\"2023-08-11T20:38:38+00:00\",\"dateModified\":\"2023-08-16T22:39:21+00:00\",\"breadcrumb\":{\"@id\":\"https:\\\/\\\/carmarbg.com\\\/index.php\\\/home\\\/asesorias-y-consultorias\\\/consultorias-empresariales\\\/conferencias\\\/#breadcrumb\"},\"inLanguage\":\"es\",\"potentialAction\":[{\"@type\":\"ReadAction\",\"target\":[\"https:\\\/\\\/carmarbg.com\\\/index.php\\\/home\\\/asesorias-y-consultorias\\\/consultorias-empresariales\\\/conferencias\\\/\"]}]},{\"@type\":\"ImageObject\",\"inLanguage\":\"es\",\"@id\":\"https:\\\/\\\/carmarbg.com\\\/index.php\\\/home\\\/asesorias-y-consultorias\\\/consultorias-empresariales\\\/conferencias\\\/#primaryimage\",\"url\":\"https:\\\/\\\/carmarbg.com\\\/wp-content\\\/uploads\\\/2021\\\/06\\\/CARRERA-MARTINEZ.jpg\",\"contentUrl\":\"https:\\\/\\\/carmarbg.com\\\/wp-content\\\/uploads\\\/2021\\\/06\\\/CARRERA-MARTINEZ.jpg\",\"width\":1280,\"height\":720},{\"@type\":\"BreadcrumbList\",\"@id\":\"https:\\\/\\\/carmarbg.com\\\/index.php\\\/home\\\/asesorias-y-consultorias\\\/consultorias-empresariales\\\/conferencias\\\/#breadcrumb\",\"itemListElement\":[{\"@type\":\"ListItem\",\"position\":1,\"name\":\"Portada\",\"item\":\"https:\\\/\\\/carmarbg.com\\\/\"},{\"@type\":\"ListItem\",\"position\":2,\"name\":\"Home\",\"item\":\"https:\\\/\\\/carmarbg.com\\\/\"},{\"@type\":\"ListItem\",\"position\":3,\"name\":\"Asesor\u00edas y Consultor\u00edas\",\"item\":\"https:\\\/\\\/carmarbg.com\\\/index.php\\\/home\\\/asesorias-y-consultorias\\\/\"},{\"@type\":\"ListItem\",\"position\":4,\"name\":\"Consultor\u00edas empresariales, conferencias y talleres\",\"item\":\"https:\\\/\\\/carmarbg.com\\\/index.php\\\/home\\\/asesorias-y-consultorias\\\/consultorias-empresariales\\\/\"},{\"@type\":\"ListItem\",\"position\":5,\"name\":\"Conferencias\"}]},{\"@type\":\"WebSite\",\"@id\":\"https:\\\/\\\/carmarbg.com\\\/#website\",\"url\":\"https:\\\/\\\/carmarbg.com\\\/\",\"name\":\"CARMAR BUSINESS GROUP\",\"description\":\"\",\"potentialAction\":[{\"@type\":\"SearchAction\",\"target\":{\"@type\":\"EntryPoint\",\"urlTemplate\":\"https:\\\/\\\/carmarbg.com\\\/?s={search_term_string}\"},\"query-input\":{\"@type\":\"PropertyValueSpecification\",\"valueRequired\":true,\"valueName\":\"search_term_string\"}}],\"inLanguage\":\"es\"}]}<\/script>\n<!-- \/ Yoast SEO plugin. -->","yoast_head_json":{"title":"Conferencias - CARMAR BUSINESS GROUP","robots":{"index":"index","follow":"follow","max-snippet":"max-snippet:-1","max-image-preview":"max-image-preview:large","max-video-preview":"max-video-preview:-1"},"canonical":"https:\/\/carmarbg.com\/index.php\/home\/asesorias-y-consultorias\/consultorias-empresariales\/conferencias\/","og_locale":"es_ES","og_type":"article","og_title":"Conferencias - CARMAR BUSINESS GROUP","og_description":"Hemos tenido la oportunidad de participar como conferencista en eventos de Universidades en la ciudad de Cartagena, entre ellas UTB, Los Libertadores, Universidad de Cartagena, San Buenaventura y en la Universidad\u00a0Sim\u00f3n Bol\u00edvar en Barranquilla; y en el Conversatorio de Tendencias en la Gesti\u00f3n del Talento Humano en la Universidad TECNAR de Cartagena, compartiendo escenario con [&hellip;]","og_url":"https:\/\/carmarbg.com\/index.php\/home\/asesorias-y-consultorias\/consultorias-empresariales\/conferencias\/","og_site_name":"CARMAR BUSINESS GROUP","article_modified_time":"2023-08-16T22:39:21+00:00","og_image":[{"url":"https:\/\/carmarbg.com\/wp-content\/uploads\/2023\/08\/CONFERENCIA-JC-4-1.png","type":"","width":"","height":""}],"twitter_card":"summary_large_image","twitter_misc":{"Tiempo de lectura":"2 minutos"},"schema":{"@context":"https:\/\/schema.org","@graph":[{"@type":"WebPage","@id":"https:\/\/carmarbg.com\/index.php\/home\/asesorias-y-consultorias\/consultorias-empresariales\/conferencias\/","url":"https:\/\/carmarbg.com\/index.php\/home\/asesorias-y-consultorias\/consultorias-empresariales\/conferencias\/","name":"Conferencias - CARMAR BUSINESS GROUP","isPartOf":{"@id":"https:\/\/carmarbg.com\/#website"},"primaryImageOfPage":{"@id":"https:\/\/carmarbg.com\/index.php\/home\/asesorias-y-consultorias\/consultorias-empresariales\/conferencias\/#primaryimage"},"image":{"@id":"https:\/\/carmarbg.com\/index.php\/home\/asesorias-y-consultorias\/consultorias-empresariales\/conferencias\/#primaryimage"},"thumbnailUrl":"https:\/\/carmarbg.com\/wp-content\/uploads\/2021\/06\/CARRERA-MARTINEZ.jpg","datePublished":"2023-08-11T20:38:38+00:00","dateModified":"2023-08-16T22:39:21+00:00","breadcrumb":{"@id":"https:\/\/carmarbg.com\/index.php\/home\/asesorias-y-consultorias\/consultorias-empresariales\/conferencias\/#breadcrumb"},"inLanguage":"es","potentialAction":[{"@type":"ReadAction","target":["https:\/\/carmarbg.com\/index.php\/home\/asesorias-y-consultorias\/consultorias-empresariales\/conferencias\/"]}]},{"@type":"ImageObject","inLanguage":"es","@id":"https:\/\/carmarbg.com\/index.php\/home\/asesorias-y-consultorias\/consultorias-empresariales\/conferencias\/#primaryimage","url":"https:\/\/carmarbg.com\/wp-content\/uploads\/2021\/06\/CARRERA-MARTINEZ.jpg","contentUrl":"https:\/\/carmarbg.com\/wp-content\/uploads\/2021\/06\/CARRERA-MARTINEZ.jpg","width":1280,"height":720},{"@type":"BreadcrumbList","@id":"https:\/\/carmarbg.com\/index.php\/home\/asesorias-y-consultorias\/consultorias-empresariales\/conferencias\/#breadcrumb","itemListElement":[{"@type":"ListItem","position":1,"name":"Portada","item":"https:\/\/carmarbg.com\/"},{"@type":"ListItem","position":2,"name":"Home","item":"https:\/\/carmarbg.com\/"},{"@type":"ListItem","position":3,"name":"Asesor\u00edas y Consultor\u00edas","item":"https:\/\/carmarbg.com\/index.php\/home\/asesorias-y-consultorias\/"},{"@type":"ListItem","position":4,"name":"Consultor\u00edas empresariales, conferencias y talleres","item":"https:\/\/carmarbg.com\/index.php\/home\/asesorias-y-consultorias\/consultorias-empresariales\/"},{"@type":"ListItem","position":5,"name":"Conferencias"}]},{"@type":"WebSite","@id":"https:\/\/carmarbg.com\/#website","url":"https:\/\/carmarbg.com\/","name":"CARMAR BUSINESS GROUP","description":"","potentialAction":[{"@type":"SearchAction","target":{"@type":"EntryPoint","urlTemplate":"https:\/\/carmarbg.com\/?s={search_term_string}"},"query-input":{"@type":"PropertyValueSpecification","valueRequired":true,"valueName":"search_term_string"}}],"inLanguage":"es"}]}},"_links":{"self":[{"href":"https:\/\/carmarbg.com\/index.php\/wp-json\/wp\/v2\/pages\/894","targetHints":{"allow":["GET"]}}],"collection":[{"href":"https:\/\/carmarbg.com\/index.php\/wp-json\/wp\/v2\/pages"}],"about":[{"href":"https:\/\/carmarbg.com\/index.php\/wp-json\/wp\/v2\/types\/page"}],"author":[{"embeddable":true,"href":"https:\/\/carmarbg.com\/index.php\/wp-json\/wp\/v2\/users\/1"}],"replies":[{"embeddable":true,"href":"https:\/\/carmarbg.com\/index.php\/wp-json\/wp\/v2\/comments?post=894"}],"version-history":[{"count":86,"href":"https:\/\/carmarbg.com\/index.php\/wp-json\/wp\/v2\/pages\/894\/revisions"}],"predecessor-version":[{"id":1454,"href":"https:\/\/carmarbg.com\/index.php\/wp-json\/wp\/v2\/pages\/894\/revisions\/1454"}],"up":[{"embeddable":true,"href":"https:\/\/carmarbg.com\/index.php\/wp-json\/wp\/v2\/pages\/805"}],"wp:featuredmedia":[{"embeddable":true,"href":"https:\/\/carmarbg.com\/index.php\/wp-json\/wp\/v2\/media\/639"}],"wp:attachment":[{"href":"https:\/\/carmarbg.com\/index.php\/wp-json\/wp\/v2\/media?parent=894"}],"curies":[{"name":"wp","href":"https:\/\/api.w.org\/{rel}","templated":true}]}}